 k*m + 292 = 2447*m. Calculate the greatest common divisor of 4 and m.
4
Let b = -18 - -19. Let t(i) = i + 10. Suppose 0 = 8*v - 6*v + 10. Let g be t(v). Calculate the highest common factor of g and b.
1
Suppose -30*d - 25245 = -26*d - 19*d. What is the greatest common factor of 1071 and d?
153
Let g be (-11 - -10) + (-910)/(-10). Calculate the greatest common factor of 855 and g.
45
Let o be 4/2 - 0 - (2 - 5). Suppose 0 = 2*r - 5*w + 209, -3*w - w = -o*r - 514. Let t = -75 - r. What is the highest common divisor of t and 189?
27
Suppose -5*x + 3*m - 5*m + 28 = 0, 0 = -x - 5*m + 24. Let t be -2 - (42 - 9)/(-11). What is the greatest common divisor of x and t?
1
Let r = 21875 - 21462. What is the greatest common divisor of 21 and r?
7
Let r = -159 - -162. Suppose 0 = -2*a + r*g + 725, -7*a - 3*g + 1441 = -3*a. Calculate the highest common divisor of a and 38.
19
Let a(f) = -469*f + 18302. Let b be a(39). Let x = -1735 - -2868. Calculate the greatest common divisor of x and b.
11
Let p(k) = -118*k**2 + 9*k + 21. Let c be p(-2). Let s = c - -722. Calculate the highest common factor of s and 23.
23
Let h(q) = 32*q - 10. Let t be (-8)/(24/9) + (5 - 1). Let j be h(t). What is the highest common factor of 209 and j?
11
Let p(y) = -y**2 - y + 3. Let o be p(0). Let b be -2 - (-21 - (-8)/(-4)). Let m = 45 - b. What is the greatest common divisor of m and o?
3
Let u be ((-12)/(-2))/((-4)/((-72)/27)). Suppose -j - u*a + 11 = 0, -17 = -4*j - 3*a + 27. Calculate the highest common divisor of j and 143.
11
Let c be (32 + -57 + 45)*2*5/4. Suppose 0 = 4*w + 5*y - 2175, 0 = w + 4*y + y - 525. Calculate the highest common factor of w and c.
50
Let d be 14/3 - 2/3. Suppose -18*f + 19*f = d. Let t = -91 - -99. Calculate the greatest common divisor of t and f.
4
Let q(y) be the second derivative of 11/12*y**4 + 1/3*y**3 + 7*y**2 + 4*y - 1/20*y**5 + 0. Let x be q(11). Calculate the highest common divisor of 4 and x.
4
Let k(x) = 64*x + 2729. Let r be k(-42). Calculate the highest common divisor of 5 and r.
1
Let j be (-363)/66 + (-10)/4. Let g be 86 - ((-6)/4)/((-6)/j). What is the highest common factor of 32 and g?
8
Suppose -63*a + 159536 + 404989 = 12*a. Calculate the greatest common divisor of 117 and a.
39
Let g = 212 + 220. Let u = 440 - g. What is the greatest common factor of u and 376?
8
Suppose 14 = 4*s - 86. Let u = 498 + -488. Suppose -14*k = -u*k - 100. What is the highest common factor of s and k?
25
Suppose -73*k + 76*k = 48. Let c be 190*3/18 - k/(-12). Suppose -5*m = 5*j - 6*j + 21, -15 = -j + 2*m. What is the greatest common factor of j and c?
11
Let t be (189/9 - -2) + -2 + 2. Let z(m) = 12*m**2 + 4*m. Let p be z(-6). Let q be p/9 - (-4)/6. Calculate the highest common divisor of q and t.
23
Let i be (((-13024)/24)/22)/((-2)/6). Let d = -64 - -101. What is the highest common divisor of d and i?
37
Let u = -570 - 49. Let w = 645 + u. What is the greatest common factor of 962 and w?
26
Let q be ((-35)/(-3))/(-10 - (-1084)/(-216)*-2). Calculate the highest common divisor of 280 and q.
35
Let c(a) = a**3 + 4*a**2 + 2*a - 6. Let i be c(-2). Let n be (5 + -8)*(28/(-12) - i). Calculate the greatest common divisor of n and 4.
1
Let v(o) = 6*o**3 + 4*o**2 - o - 24. Let x be v(3). What is the greatest common divisor of x and 76?
19
Let f(s) = -s**3 + 4*s. Let d be f(-3). Let i = 411 - 414. Let w(a) = -4*a**3 + 5*a**2 + 26*a. Let l be w(i). Calculate the greatest common factor of l and d.
15
Let l be 15*(17 - 988/65). What is the greatest common divisor of 49 and l?
1
Let w = 68 + -67. Let c be 6/9 - w - 195/(-45). What is the greatest common factor of 4 and c?
4
Let r(j) = -61 - 3 + 18*j - 26*j. Let b be r(-9). What is the greatest common factor of 40 and b?
8
Let k be (-2168)/271 - 24*-2. What is the greatest common factor of 32 and k?
8
Suppose -800 = -447*o + 439*o. Calculate the greatest common divisor of 640 and o.
20
Let s = -138 - -271. Let n = s + -76. Let y(t) = -t**2 - 106*t + 126. Let i be y(-107). Calculate the highest common divisor of n and i.
19
Let t be ((-534615)/(-90))/29 - (-5)/(-6). What is the highest common divisor of 340 and t?
68
Suppose 141 = 154*s - 153*s. Let u = 152 - s. What is the highest common divisor of 341 and u?
11
Suppose 18*a + 7242 = 33*a - 5988. Calculate the highest common factor of 1008 and a.
126
Let d be (22/(-5))/(1/(-5)). Suppose -20*w + 139 + 81 = 0. Suppose -5*v = -3*c - 272, 2*v - 102 - w = -3*c. What is the greatest common divisor of v and d?
11
Suppose 4*h - 355 = 5*a, -5*a + 17*a + 404 = 4*h. Calculate the greatest common factor of 3980 and h.
20
Let g = -139 - -80. Let s = -33 - g. Let l = s + -9. What is the greatest common factor of 34 and l?
17
Let d(v) = -2*v - 24. Let c be d(-17). Suppose 0 = 7*f - c - 67. Let j be ((-3)/(-2) + -1)*22. What is the greatest common factor of f and j?
11
Let t be ((-27904)/(-763))/(2/7). Calculate the greatest common factor of 1984 and t.
64
Let o = -34 - -31. Let x be 0 - o*((-11)/(-3) + -3). Suppose -x*s + 5*s - 192 = 0. Calculate the greatest common divisor of 32 and s.
32
Let d be 4 - 28*(96/(-52) - 4/26). Calculate the greatest common divisor of 640 and d.
20
Let s = 67 - 22. Suppose -12*w = -2*r - 36, -12*w + 14*w = 2*r - 24. Calculate the greatest common factor of s and r.
9
Let u = -516 - -524. Let f be 4/u*336/3. Calculate the highest common factor of f and 77.
7
Suppose -3*g - g - 5*h = 696, 3*h - 174 = g. Let f = g - -199. What is the highest common divisor of f and 275?
25
Let w(c) = -2*c**2 - 6*c - 5. Let a be w(-5). Let k = 54 - 23. Let s = a + k. What is the highest common divisor of s and 2?
2
Let i(t) = -t + 40. Let u be i(14). Suppose 0 = -u*p + 30*p - 80. Calculate the highest common divisor of 220 and p.
20
Suppose 3*m = -4*m + 105. Suppose -6 - m = -3*q. Suppose -5*g - 20 = 0, g = 2*x - q*x + 51. Calculate the greatest common factor of 11 and x.
11
Let r(x) = x**2 + 17*x - 44. Let d be r(-19). Let t be (161/46)/((-3)/d). What is the greatest common divisor of 497 and t?
7
Let l = 135 - -74. Suppose -5*n + 2*d = -6, -8 = 5*n + 5*d - 28. Let g be n/(-11) + (-8 - 598/(-22)). What is the highest common divisor of g and l?
19
Let i(j) = -j**3 - 56*j**2 - 14*j - 427. Let a be i(-56). Calculate the highest common factor of 693 and a.
21
Let f = -116 - -798. Let v = f + -438. Suppose -3*g + v = 2*k - 119, 4*g - 3*k - 484 = 0. What is the greatest common divisor of g and 11?
11
Let k be -6*100/120 - -3620. What is the greatest common divisor of k and 15?
15
Let d be (-4239)/(-10) - -3*5/150. Suppose 0 = 16*a - d - 408. Calculate the highest common divisor of 52 and a.
52
Suppose -k - 3*l + 4598 = 0, -4*k - 5*l + 20378 = 1937. What is the greatest common divisor of 31 and k?
31
Let y = -19 + 199. Suppose -3*j - 23 = -83. What is the highest common factor of j and y?
20
Let h be 3/9*(-60)/(-8)*(30 - -20). Calculate the greatest common factor of 7625 and h.
125
Let a(m) = 13*m + 39. Let l be a(20). Suppose -30*f + l = -17*f. What is the greatest common factor of f and 23?
23
Let m be (34/(-3))/((-93)/18 - -5). Calculate the greatest common factor of m and 1054.
34
Suppose 73*j - 7*j + 0*j = 3036. What is the highest common factor of j and 506?
46
Suppose -122*c + 779 - 191 = 74*c. What is the greatest common divisor of 4104 and c?
3
Let o be (-4768)/(-20) + 12/(-30). Suppose -23*b + 21*b = -o. Calculate the greatest common factor of 17 and b.
17
Let j = 63 - 61. Let p(x) = -2*x + 10. Let d be p(j). What is the highest common factor of d and 3?
3
Suppose -3*v - 3*b + 336 = 0, 0*b + 106 = v - 2*b. Suppose -t - 305*u + 309*u = -65, -391 = -5*t - 2*u. Calculate the highest common divisor of t and v.
11
Suppose 0 = -21*s + 17*s. Suppose -c + 670 = z, -27*c + 29*c + 5*z - 1334 = s. What is the highest common divisor of c and 192?
96
Let c be 2332/33 + ((-16)/24 - -1). What is the highest common factor of 13774 and c?
71
Let l(k) = -13*k - 28. Let s be l(-6). Let t be 2/3*(-29 + s). Calculate the greatest common divisor of t and 7.
7
Suppose 0 = -74*s + 80*s - 3804. Suppose 15*o = s + 521. What is the highest common divisor of o and 55?
11
Let r(m) = m**3 + 32*m**2 - 31*m + 72. Let i be r(-33). Let n be i/(-15)*7*(-268 - -8). Calculate the greatest common divisor 